1799?
7
What is the tens digit of 39882?
8
What is the units digit of 16346?
6
What is the thousands digit of 8794?
8
What is the thousands digit of 2501?
2
What is the units digit of 8262?
2
What is the thousands digit of 106173?
6
What is the thousands digit of 2654?
2
What is the hundreds digit of 21501?
5
What is the thousands digit of 6385?
6
What is the units digit of 2223?
3
What is the hundreds digit of 4209?
2
What is the tens digit of 3736?
3
What is the tens digit of 548?
4
What is the thousands digit of 115054?
5
What is the tens digit of 199612?
1
What is the tens digit of 9746?
4
What is the hundreds digit of 4935?
9
What is the units digit of 2519?
9
What is the units digit of 8639?
9
What is the hundreds digit of 2567?
5
What is the units digit of 5792?
2
What is the tens digit of 1276?
7
What is the tens digit of 1715?
1
What is the thousands digit of 5552?
5
What is the hundreds digit of 608?
6
What is the tens digit of 18466?
6
What is the tens digit of 7392?
9
What is the thousands digit of 15298?
5
What is the thousands digit of 23773?
3
What is the tens digit of 207?
0
What is the tens digit of 86728?
2
What is the ten thousands digit of 10784?
1
What is the units digit of 1794?
4
What is the ten thousands digit of 16265?
1
What is the tens digit of 11012?
1
What is the thousands digit of 1339?
1
What is the tens digit of 62072?
7
What is the tens digit of 6117?
1
What is the hundreds digit of 247?
2
What is the hundreds digit of 291?
2
What is the units digit of 5105?
5
What is the units digit of 22943?
3
What is the ten thousands digit of 16640?
1
What is the ten thousands digit of 18292?
1
What is the units digit of 71?
1
What is the hundreds digit of 135?
1
What is the tens digit of 2637?
3
What is the tens digit of 4174?
7
What is the thousands digit of 18273?
8
What is the tens digit of 84138?
3
What is the hundreds digit of 819?
8
What is the units digit of 4075?
5
What is the hundreds digit of 40191?
1
What is the units digit of 7902?
2
What is the thousands digit of 26721?
6
What is the ten thousands digit of 63644?
6
What is the hundreds digit of 3667?
6
What is the thousands digit of 32235?
2
What is the thousands digit of 7180?
7
What is the hundreds digit of 13557?
5
What is the tens digit of 1756?
5
What is the ten thousands digit of 20987?
2
What is the units digit of 21220?
0
What is the units digit of 76087?
7
What is the units digit of 157?
7
What is the tens digit of 1316?
1
What is the units digit of 43374?
4
What is the units digit of 1383?
3
What is the tens digit of 1644?
4
What is the tens digit of 29475?
7
What is the units digit of 13580?
0
What is the thousands digit of 41172?
1
What is the units digit of 8315?
5
What is the hundreds digit of 3106?
1
What is the thousands digit of 9647?
9
What is the thousands digit of 3411?
3
What is the tens digit of 12791?
9
What is the thousands digit of 26960?
6
What is the hundreds digit of 8064?
0
What is the tens digit of 59358?
5
What is the units digit of 1645?
5
What is the ten thousands digit of 45497?
4
What is the units digit of 15248?
8
What is the units digit of 6487?
7
What is the units digit of 1039?
9
What is the hundreds digit of 867?
8
What is the ten thousands digit of 75194?
7
What is the units digit of 1001?
1
What is the ten thousands digit of 21060?
2
What is the tens digit of 1374?
7
What is the hundreds digit of 4864?
8
What is the thousands digit of 3264?
3
What is the thousands digit of 8490?
8
What is the tens digit of 395?
9
What is the units digit of 1766?
6
What is the hundreds digit of 282?
2
What is the hundred thousands digit of 124302?
1
What is the ten thousands digit of 24068?
2
What is the tens digit of 973?
7
What is the ten thousands digit of 64642?
6
What is the tens digit of 1214?
1
What is the hundreds digit of 47540?
5
What is the units digit of 1126?
6
What is the units digit of 8200?
0
What is the thousands digit of 96846?
6
What is the thousands digit of 1844?
1
What is the thousands digit of 5165?
5
What is the hundreds digit of 6857?
8
What is the tens digit of 277?
7
What is the thousands digit of 2653?
2
What is the thousands digit of 5306?
5
What is the ten thousands digit of 10668?
1
What is the units digit of 1010?
0
What is the units digit of 2881?
1
What is the hundreds digit of 37398?
3
What is the thousands digit of 26039?
6
What is the tens digit of 1379?
7
What is the tens digit of 59033?
3
What is the tens digit of 5169?
6
What is the tens digit of 6130?
3
What is the thousands digit of 20648?
0
What is the tens digit of 6700?
0
What is the units digit of 5552?
2
What is the units digit of 431?
1
What is the tens digit of 752?
5
What is the thousands digit of 64639?
4
What is the tens digit of 3802?
0
What is the hundreds digit of 327?
3
What is the hundreds digit of 705?
7
What is the hundreds digit of 369?
3
What is the units digit of 4888?
8
What is the thousands digit of 8279?
8
What is the hundreds digit of 362?
3
What is the hundreds digit of 1738?
7
What is the ten thousands digit of 22308?
2
What is the tens digit of 823?
2
What is the units digit of 435?
5
What is the units digit of 920?
0
What is the tens digit of 7700?
0
What is the units digit of 6538?
8
What is the tens digit of 114?
1
What is the tens digit of 68208?
0
What is the thousands digit of 2029?
2
What is the units digit of 11?
1
What is the hundreds digit of 122?
1
What is the hundreds digit of 9545?
5
What is the tens digit of 821?
2
What is the ten thousands digit of 10110?
1
What is the hundreds digit of 2756?
7
What is the thousands digit of 1258?
1
What is the tens digit of 431?
3
What is the thousands digit of 13835?
3
What is the units digit of 14262?
2
What is the ten thousands digit of 14727?
1
What is the hundreds digit of 4316?
3
What is the thousands digit of 11531?
1
What is the ten thousands digit of 33110?
3
What is the units digit of 4163?
3
What is the ten thousands digit of 10518?
1
What is the hundreds digit of 5658?
6
What is the tens digit of 506?
0
What is the units digit of 216?
6
What is the thousands digit of 4697?
4
What is the ten thousands digit of 28392?
2
What is the units digit of 1119?
9
What is the units digit of 5173?
3
What is the thousands digit of 7472?
7
What is the hundreds digit of 549?
5
What is the units digit of 804?
4
What is the thousands digit of 2200?
2
What is the thousands digit of 5237?
5
What is the thousands digit of 99281?
9
What is the tens digit of 428?
2
What is the units digit of 854?
4
What is the hundreds digit of 817?
8
What is the thousands digit of 22781?
2
What is the hundreds digit of 1173?
1
What is the tens digit of 6132?
3
What is the units digit of 508?
8
What is the tens digit of 12283?
8
What is the thousands digit of 10201?
0
What is the tens digit of 2079?
7
What is the hundreds digit of 26407?
4
What is the hundreds digit of 97778?
7
What is the tens digit of 2119?
1
What is the tens digit of 5199?
9
What is the units digit of 151727?
7
What is the tens digit of 2668?
6
What is the units digit of 14762?
2
What is the units digit of 17452?
2
What is the thousands digit of 4149?
4
What is the units digit of 3541?
1
What is the thousands digit of 5571?
5
What is the thousands digit of 2128?
2
What is the units digit of 8841?
1
What is the tens digit of 4793?
9
What is the units digit of 4451?
1
What is the tens digit of 20099?
9
What is the tens digit of 1003?
0
What is the ten thousands digit of 51484?
5
What is the units digit of 2524?
4
What is the hundreds digit of 6790?
7
What is the units digit of 3959?
9
What is the units digit of 9554?
4
What is the thousands digit of 1524?
1
What is the tens digit of 2281?
8
What is the tens digit of 1222?
2
What is the units digit of 108683?
3
What is the hundreds digit of 7714?
7
What is the tens digit of 17354?
5
What is the hundreds digit of 241?
2
What is the tens digit of 33233?
3
What is the units digit of 6641?
1
What is the thousands digit of 36356?
6
What is the hundreds digit of 47432?
4
What is the hundreds digit of 1987?
9
What is the hundreds digit of 897?
8
What is the units digit of 58430?
0
What is the tens digit of 500?
0
What is the units digit of 6626?
6
What is the units digit of 467?
7
W